6
Calculate the highest common factor of 3012 and 42.
6
Calculate the greatest common factor of 140 and 23140.
20
Calculate the highest common divisor of 685096 and 9280.
232
Calculate the greatest common divisor of 59414 and 22889.
487
What is the highest common factor of 403 and 20987?
31
What is the highest common divisor of 840090 and 287?
41
Calculate the highest common divisor of 76460 and 120.
20
Calculate the highest common divisor of 788 and 15436.
4
Calculate the highest common factor of 12771 and 51041.
43
Calculate the greatest common divisor of 174820 and 20.
20
Calculate the greatest common divisor of 46 and 2292318.
46
Calculate the highest common divisor of 12649 and 161.
7
What is the highest common factor of 420 and 1407910?
70
Calculate the highest common factor of 594 and 9614.
22
What is the highest common divisor of 10933 and 91?
13
What is the greatest common divisor of 4 and 82?
2
Calculate the greatest common divisor of 4 and 2732.
4
Calculate the highest common divisor of 441360 and 2640.
240
Calculate the highest common divisor of 120 and 50430.
30
Calculate the greatest common divisor of 375 and 13150.
25
What is the greatest common divisor of 2 and 162281?
1
Calculate the greatest common factor of 34068 and 108.
12
Calculate the greatest common divisor of 848 and 31184.
16
What is the highest common divisor of 4266 and 191338?
158
Calculate the highest common factor of 3534476 and 44.
44
Calculate the highest common factor of 41358 and 5856.
366
What is the highest common divisor of 29580 and 14025?
255
What is the greatest common divisor of 289734 and 774?
258
Calculate the highest common divisor of 726 and 4961.
121
Calculate the greatest common divisor of 784 and 1252048.
784
Calculate the greatest common divisor of 16 and 103384.
8
Calculate the greatest common factor of 31510 and 828.
46
What is the highest common divisor of 570 and 21180?
30
Calculate the highest common factor of 702 and 80784.
54
What is the highest common divisor of 21 and 58536?
3
What is the highest common divisor of 1008 and 101136?
336
What is the highest common factor of 2156 and 102116?
196
Calculate the greatest common divisor of 21352 and 6.
2
Calculate the greatest common divisor of 535 and 3959.
107
Calculate the greatest common divisor of 318692 and 176.
44
Calculate the highest common factor of 1883280 and 210.
210
Calculate the greatest common factor of 4263 and 79086.
147
Calculate the greatest common factor of 80 and 6866960.
80
Calculate the greatest common factor of 2 and 7541.
1
Calculate the highest common divisor of 1098 and 90.
18
What is the greatest common divisor of 125 and 7425?
25
What is the greatest common factor of 60 and 2748?
12
Calculate the greatest common factor of 29772 and 108.
36
Calculate the highest common divisor of 4422 and 3582.
6
What is the greatest common factor of 6067 and 1?
1
Calculate the greatest common factor of 1892 and 9812.
44
What is the greatest common divisor of 516110 and 10?
10
Calculate the greatest common divisor of 253396 and 260.
52
What is the greatest common divisor of 5 and 10243?
1
Calculate the greatest common divisor of 306 and 186471.
9
Calculate the greatest common factor of 65044 and 1012.
92
Calculate the greatest common factor of 4084 and 134.
2
What is the highest common divisor of 184734 and 9702?
198
Calculate the highest common divisor of 396 and 429804.
36
What is the greatest common factor of 338940 and 1015?
35
What is the greatest common divisor of 361 and 264689?
19
What is the highest common divisor of 240243 and 657?
219
What is the greatest common divisor of 32 and 129168?
16
Calculate the greatest common divisor of 477709 and 3935.
787
What is the greatest common factor of 1271 and 4030?
31
Calculate the highest common factor of 207 and 184276.
23
Calculate the greatest common factor of 533428 and 16.
4
What is the highest common factor of 240 and 241620?
60
Calculate the greatest common divisor of 19 and 1593473.
19
Calculate the greatest common divisor of 26394 and 3.
3
Calculate the highest common factor of 88 and 268510.
22
What is the highest common divisor of 715 and 15470?
65
Calculate the highest common divisor of 10125 and 123975.
225
Calculate the greatest common factor of 2378 and 1394.
82
Calculate the greatest common divisor of 1525495 and 959.
137
What is the greatest common factor of 183 and 143533?
61
Calculate the greatest common factor of 119268 and 72.
36
Calculate the greatest common factor of 584 and 460.
4
What is the highest common factor of 2 and 148951?
1
Calculate the highest common divisor of 410 and 34235.
205
What is the highest common divisor of 35001 and 1?
1
Calculate the greatest common divisor of 82802 and 1558.
38
Calculate the greatest common factor of 161896 and 1568.
392
What is the greatest common factor of 544 and 692512?
544
What is the greatest common divisor of 51 and 5427777?
51
Calculate the greatest common factor of 4987100 and 100.
100
Calculate the greatest common factor of 1113 and 1344.
21
What is the greatest common divisor of 68 and 41888?
68
Calculate the greatest common divisor of 10269 and 4473.
63
Calculate the highest common factor of 5332 and 67208.
124
What is the highest common factor of 7704 and 191637?
963
What is the highest common factor of 165958 and 3042?
338
What is the greatest common factor of 2405 and 160?
5
What is the highest common factor of 320 and 892160?
320
Calculate the highest common divisor of 26 and 1742234.
26
What is the greatest common divisor of 1112 and 1199431?
139
Calculate the highest common divisor of 126 and 4354.
14
What is the greatest common factor of 155099 and 14?
7
What is the greatest common factor of 65 and 21411?
13
Calculate the highest common divisor of 110062 and 678.
226
Calculate the greatest common divisor of 24622 and 52.
26
What is the greatest common divisor of 14287 and 117?
13
What is the greatest common divisor of 62075 and 25?
25
Calculate the greatest common divisor of 298 and 51703.
149
Calculate the highest common divisor of 7120 and 534.
178
What is the highest common divisor of 342 and 12977?
19
Calculate the greatest common divisor of 24 and 25316.
4
What is the greatest common factor of 3731 and 16933?
287
Calculate the greatest common divisor of 627 and 56031.
57
Calculate the greatest common divisor of 119 and 18751.
17
What is the highest common divisor of 65 and 4205695?
65
Calculate the highest common divisor of 278025 and 195.
15
Calculate the greatest common factor of 602 and 54362.
14
Calculate the greatest common factor of 6272 and 980.
196
What is the greatest common factor of 751320 and 720?
360
What is the highest common divisor of 525892 and 292?
292
What is the greatest common factor of 747 and 97608?
249
What is the greatest common divisor of 518 and 158064?
74
Calculate the highest common divisor of 809120 and 16640.
2080
Calculate the highest common factor of 507 and 28561.
169
Calculate the greatest common divisor of 1896 and 79.
79
Calculate the highest common factor of 21 and 10388.
7
What is the highest common divisor of 2359 and 1162?
7
Calculate the highest common factor of 12 and 564162.
6
Calculate the highest common divisor of 824 and 53352.
8
What is the greatest common divisor of 7 and 432586?
7
Calculate the greatest common divisor of 215623 and 15941.
839
Calculate the highest common factor of 119 and 104567.
17
What is the greatest common divisor of 120 and 44340?
60
Calculate the greatest common divisor of 162 and 32418.
18
Calculate the greatest common factor of 286 and 2534922.
26
What is the greatest common divisor of 51 and 265523?
17
What is the highest common factor of 105246 and 54?
54
Calculate the highest common divisor of 2667 and 1491.
21
Calculate the greatest common divisor of 246 and 6078.
6
Calculate the highest common factor of 6783 and 133.
133
Calculate the greatest common factor of 1236748 and 76.
76
Calculate the highest common factor of 2923 and 1027.
79
What is the greatest common factor of 11753 and 483?
161
Calculate the greatest common divisor of 44 and 432916.
44
Calculate the greatest common factor of 30 and 4559505.
15
Calculate the greatest common factor of 1239 and 426428